ermine p(-4).
5
Let p(h) = h**3 - 70*h**2 + 68*h - 13. Calculate p(69).
-82
Let r(m) = -m**2 + 6*m. Determine r(6).
0
Let r(i) = -12*i**2 - 5*i + 46. Calculate r(5).
-279
Let l(a) = a**3 - 8*a**2 - 8*a + 43. Determine l(9).
52
Let m(r) = 2*r**3 + 7*r**2 - 55*r + 89. Determine m(2).
23
Let j(r) = -3*r**3 - 42*r**2 + 37*r - 36. Determine j(-15).
84
Let j(g) = 28*g**2 + 23*g - 51. Calculate j(2).
107
Let f(j) = j**2 - 444*j + 15063. Determine f(37).
4
Let m(x) = 4*x**2 - 167*x - 334. Give m(44).
62
Let t(d) = 11*d**2 + 167*d + 4. Calculate t(-15).
-26
Let g(l) = -3*l**3 + 62*l**2 - 33*l. Give g(20).
140
Let h(d) = 4*d**2 + 61*d + 133. Calculate h(-7).
-98
Let s(z) = 2*z**2 - 82*z + 164. Give s(39).
8
Let o(g) = -g**2 + 39*g - 107. What is o(35)?
33
Let j(b) = -5*b**3 + 2*b**2 - 8*b - 4. Determine j(3).
-145
Let a(g) = -656*g - 2621. Determine a(-5).
659
Let g(x) = -x**3 + 45*x**2 - 8*x + 2484. Give g(46).
0
Let l(z) = 32*z + 5448. What is l(-170)?
8
Let s(r) = -4570*r + 4569. What is s(1)?
-1
Let h(d) = 8*d + 127. Determine h(15).
247
Let v(t) = -4*t**3 + 2*t**2 - 2*t - 1. What is v(-1)?
7
Let b(m) = m**3 - 27*m**2 + 157*m - 78. What is b(19)?
17
Let c(y) = -427*y + 1705. What is c(4)?
-3
Let l(c) = c**2 - 6415*c + 38450. Give l(6).
-4
Let r(d) = -14*d**2 + 169*d + 98. Determine r(12).
110
Let d(c) = -2*c + 176. Calculate d(13).
150
Let v(s) = s**2 + 41*s + 9. Give v(-38).
-105
Let q(o) = -o**3 + o**2 + 15*o - 427. Determine q(0).
-427
Let j(x) = 2*x**2 + 73*x + 434. Determine j(-26).
-112
Let v(u) = -14*u + 248. Calculate v(21).
-46
Let u(v) = 13*v**2 - 1679*v + 1931. Give u(128).
11
Let t(f) = -f**3 - 20*f**2 - 71*f + 79. What is t(-6)?
1
Let x(y) = y**2 - 67*y + 853. What is x(17)?
3
Let o(t) = -6*t**2 - 374*t - 239. Determine o(-62).
-115
Let q(m) = -m**2 + 12*m + 340. Calculate q(26).
-24
Let u(j) = -3*j**3 - 119*j**2 - 69*j + 378. Give u(-39).
27
Let q(z) = 3*z**2 + 74*z + 26. Give q(-23).
-89
Let k(t) = -3*t**3 + 10*t**2 - 13*t + 378. Determine k(6).
12
Let r(l) = -l**3 + 3*l**2 + 132*l - 2. Give r(-10).
-22
Let h(q) = 1255*q - 20120. What is h(16)?
-40
Let p(q) = -14*q**3 - 2*q**2 + 17*q + 16. What is p(-1)?
11
Let q(h) = h**3 - h**2 + 36*h - 90. What is q(3)?
36
Let a(c) = c**2 - 2059*c + 179091. Determine a(91).
3
Let g(p) = 7*p**2 - 12*p - 85. Give g(-5).
150
Let s(i) = -2411*i - 48232. Determine s(-20).
-12
Let l(s) = -2*s**3 - 268*s**2 - 271*s - 651. Calculate l(-133).
14
Let u(n) = -n**3 + 8*n**2 - 3*n + 26. Give u(6).
80
Let d(c) = -c**3 + 8*c**2 - 34*c + 386. What is d(8)?
114
Let s(x) = -2*x**2 + 25*x - 82. What is s(6)?
-4
Let u(w) = 293*w + 389. Determine u(-2).
-197
Let z(g) = 49*g**2 + 7*g + 13. Determine z(-1).
55
Let k(n) = -n**2 + 618*n - 1855. Determine k(3).
-10
Let c(i) = 56*i + 62. Determine c(-1).
6
Let a(v) = -56*v**2 + 7505*v - 125. Determine a(134).
9
Let x(o) = -11*o + 901. Calculate x(60).
241
Let r(j) = j**3 + 20*j**2 - 23*j - 137. Determine r(-21).
-95
Let q(l) = -l**3 - 22*l**2 + 20*l - 108. Calculate q(-24).
564
Let j(w) = -13*w**3 + 7*w**2 + 8*w. Give j(-1).
12
Let d(t) = -t**2 - 95*t + 4549. Give d(35).
-1
Let u(h) = -4*h + 741. What is u(20)?
661
Let l(n) = -2*n - 91. What is l(-28)?
-35
Let z(s) = s**3 - 7*s**2 + 53*s - 140. What is z(3)?
-17
Let c(s) = -8*s + 388. Determine c(43).
44
Let m(h) = -h**3 - 11*h**2 + 32*h + 271. Give m(-12).
31
Let b(g) = -2*g**2 + 15*g - 43. Give b(8).
-51
Let f(y) = -308*y - 2437. What is f(-8)?
27
Let a(r) = 526*r + 14716. Give a(-28).
-12
Let m(b) = 7*b + 26. Give m(12).
110
Let a(z) = 3*z**3 - 34*z**2 - 37*z + 142. Give a(12).
-14
Let m(x) = -x**3 + 11*x**2 + 6*x - 119. What is m(5)?
61
Let w(j) = 3*j**2 - 81*j + 40. Determine w(25).
-110
Let v(i) = 71*i + 670. Calculate v(-8).
102
Let d(t) = 3*t**3 - 76*t + 4. Give d(5).
-1
Let v(i) = 51*i + 624. Give v(-12).
12
Let h(w) = w**2 - 216*w - 2185. Give h(-10).
75
Let a(d) = -d**2 - 112*d - 2152. What is a(-24)?
-40
Let p(n) = -25*n + 678. Give p(28).
-22
Let t(n) = n**3 + 16*n**2 - 25*n + 168. Calculate t(-18).
-30
Let o(b) = -19*b**2 - 52*b - 50. Determine o(-1).
-17
Let z(q) = q**2 + 334*q - 1372. What is z(4)?
-20
Let y(g) = 24*g**2 + g. Give y(2).
98
Let d(n) = 18*n - 128. Give d(3).
-74
Let v(p) = 2*p**3 + 82*p**2 + 80*p + 23. Determine v(-40).
23
Let f(j) = 8*j**2 - 250*j - 767. What is f(34)?
-19
Let o(m) = 6*m**3 + 9*m**2 - 12*m - 19. Determine o(-2).
-7
Let c(f) = 1204*f - 4819. Determine c(4).
-3
Let d(m) = 134*m - 1784. Determine d(13).
-42
Let g(s) = 3*s - 24. Determine g(-9).
-51
Let h(c) = c**2 - 11202*c + 268268. What is h(24)?
-4
Let v(c) = -77*c**2 - 3*c + 32. Determine v(0).
32
Let a(t) = 647*t - 22643. Determine a(35).
2
Let b(l) = -l**2 - 5*l + 12. Give b(3).
-12
Let f(v) = -5*v**2 - 63*v + 64. Give f(1).
-4
Let t(v) = -v**3 - 68*v**2 - 92*v - 1681. Determine t(-67).
-6
Let v(d) = -d**3 - 5*d**2 + 120*d + 9. Give v(0).
9
Let y(k) = 9*k**2 + 361*k + 48. Give y(-40).
8
Let a(m) = 4*m**3 + 25*m**2 + 2*m - 13. Give a(-6).
11
Let o(w) = -2*w**3 + 189*w**2 - 103*w + 814. Give o(94).
-32
Let n(v) = -2*v**2 - 22*v - 27. Determine n(-3).
21
Let j(t) = -10*t - 181. Give j(6).
-241
Let i(h) = 2*h**3 + 263*h**2 - 125*h + 923. Give i(-132).
-1
Let v(d) = 2*d**3 - 30*d**2 - 53*d + 11. Calculate v(-2).
-19
Let u(k) = -5*k - 45. What is u(-7)?
-10
Let n(q) = -q**3 + 6*q**2 + 25*q - 149. Determine n(5).
1
Let t(g) = 77*g - 3301. Calculate t(43).
10
Let s(p) = -234*p - 6792. Determine s(-29).
-6
Let j(k) = -38*k - 363. Give j(-10).
17
Let o(v) = 13*v - 266. Calculate o(34).
176
Let b(r) = -38*r**3 - 4*r**2 - 222*r + 225. Give b(1).
-39
Let f(c) = -27*c**2 + 236*c + 16. Give f(9).
-47
Let o(d) = -1491*d + 53672. Determine o(36).
-4
Let i(m) = -2*m**2 + 28*m + 3. Determine i(14).
3
Let t(u) = -52*u**2 - 329*u - 1322. Give t(-4).
-838
Let z(o) = o**3 - 21*o**2 - 8*o + 3. What is z(22)?
311
Let b(m) = m**2 - 4*m + 5. What is b(0)?
5
Let o(f) = 417*f + 5838. What is o(-14)?
0
Let h(x) = -x**3 + 22*x**2 + 13*x - 155. What is h(22)?
131
Let v(p) = p**3 - 54*p**2 - 111*p + 2678. What is v(55)?
-402
Let w(x) = x**2 + 7*x - 61. Give w(10).
109
Let p(r) = -93*r + 23602. What is p(254)?
-20
Let b(k) = -k**2 + 130*k - 4156. Give b(58).
20
Let y(j) = -j**2 + 60*j + 1401. Determine y(78).
-3
Let w(o) = 5*o - 78. Determine w(3).
-63
Let b(x) = -66*x + 48. Give b(2).
-84
Let r(v) = 3*v**3 - 26*v**2 - 39*v - 50. Calculate r(11).
368
Let k(g) = 143*g - 246. Calculate k(3).
183
Let v(b) = -2*b**2 + 10*b + 133. Determine v(11).
1
Let v(d) = -d**3 - 9*d**2 + d + 16. Calculate v(-7).
-89
Let i(g) = 2*g**3 - 44*g**2 - 406*g + 4. Calculate i(29).
4
Let v(c) = -c**2 - 153*c + 3843. What is v(22)?
-7
Let f(t) = -6*t**3 + 108*t**2 + t + 33. Calculate f(18).
51
Let p(g) = -g + 106. What is p(18)?
88
Let m(x) = 3*x**3 - 219*x**2 - 5*x + 29. What is m(73)?
-336
Let u(q) = q**2 + 20*q + 141. Calculate u(-6).
57
Let f(l) = l**2 - 67*l + 617. Calculate f(56).
1
Let t(x) = -x**3 - 2*x**2 + 40*x - 76. Give t(5).
-51
Let z(p) = p**3 + 12*p**2 - 15*p - 25. Determine z(-13).
1
Let r(w) = 11*w**2 - 113*w - 26. Give r(6).
-308
Let i(p) = 81*p + 714. What is i(-9)?
-15
Let f(n) = n**3 + 24*n**2 + 122*n - 105. Calculate f(-16).
-9
Let m(z) = -z**3 - 111*z**2 - 87*z + 2532. Calculate m(-110).
2
Let y(i) = i**3 - 8*i**2 + 5*i + 153. Give y(11).
571
Let l(m) = -3*m**2 - 81*m - 432. Give l(-20).
-12
Let t(l) = 33*l - 2937. Give t(86).
-99
Let x(o) = -3*o**3 + 48*o**2 - 47*o - 23. What is x(15)?
-53
Let d(s) = 379*s**2 + 4169*s + 17. Determine d(-11).
17
Let v(f) = -29*f + 118. Give v(3).
31
Let b(d) = 1362*d - 28604. Give b(21).
-2
Let g(o) = -23*o**2 - 2139*o - 1. What is g(-93)?
-1
Let d(f) = 363*f - 463. Give d(1).
-100
Let s(f) = -f**2 + 69*f - 397. Give s(12).
287
Let q(a) = -a**3 + 12*a**2 + 14*a - 144. Determine q(11).
131
Let s(q) = -q**2 + 415*q + 4257. What is s(-10)?
7
Let k(n) = 3*n**3 - 448*n**2 + 2155*n + 42. What is k(5)?
-8
Let a(o) = -45*o + 58. Calculate a(-2).
148
Let k(l) = -l**2 - 43*l + 346. Calculate k(-50).
-4
Let m(s) = 4*s**3 - 2*s**2 - 43*s + 95. What is m(2)?
33
Let j(u) = 16*u**2 - 165*u + 919. Calculate j(6).
505
Let p(r) = -94*r + 11331. Determine p(121).
-43
Let u(o) = -3*o**3 - 285*o**2 - 2*o - 190. What is u(-95)?
0
Let o(t) = t*